t x(z) = -z**3 + 17*z**2 + 3*z - 34. Give x(17).
17
Let y(x) = -x**2 - 13*x + 5. Give y(-13).
5
Let x(t) = -12*t - 3. Determine x(-2).
21
Let y(q) = q + 14. What is y(-8)?
6
Let l(j) = j**3 + 6*j**2 - j + 2. Calculate l(-6).
8
Let q(z) = z**2 - 13*z + 11. Determine q(10).
-19
Let f(y) = y**2 + 17*y + 62. Determine f(-12).
2
Let i(h) = -h**3 - 13*h**2 - 10*h + 5. Calculate i(-12).
-19
Let c(t) = -14*t**2 + 3*t + 3. What is c(-2)?
-59
Let l(t) = t**2 - 13*t - 8. Determine l(6).
-50
Let i(y) = 3*y + 15. Determine i(-8).
-9
Let g(p) = p**3 + 3*p**2 + 10*p. Calculate g(-2).
-16
Let x(v) = -v + 2. Determine x(-3).
5
Let l(z) = z**2 + 51*z - 104. Determine l(-53).
2
Let t(q) = 3*q**2 - 22*q + 16. What is t(7)?
9
Let g(q) = q**3 + 16*q**2 + 3*q + 40. Determine g(-16).
-8
Let x(m) = -10*m - 80. What is x(-9)?
10
Let y(n) = -n**2 - 8*n + 17. What is y(-13)?
-48
Let d(z) = -253*z + 3030. Calculate d(12).
-6
Let d(g) = -g**3 - 6*g**2 + 15*g - 12. Determine d(-8).
-4
Let s(b) = b**3 - 6*b**2 - 9*b - 8. Calculate s(7).
-22
Let s(m) = -4*m + 9. Determine s(7).
-19
Let x(o) = o**3 + 14*o**2 - o - 4. What is x(-14)?
10
Let s(n) = n**2 + 18*n + 4. What is s(-7)?
-73
Let o(c) = c**3 + 4*c**2 - 5*c - 6. Calculate o(-5).
-6
Let i(r) = -r**3 - 13*r**2 - 4*r + 25. What is i(-12)?
-71
Let c(a) = -2*a**2 - 29*a + 31. Determine c(-16).
-17
Let v(z) = -42*z**3 + z**2 + z - 1. What is v(1)?
-41
Let t(w) = -24*w**2 - 121*w - 4. Calculate t(-5).
1
Let o(y) = y**3 - 5*y**2 - 4*y + 4. Give o(5).
-16
Let d(z) = z**3 - 2*z**2 - z - 12. Give d(3).
-6
Let u(n) = n**3 + 8*n**2 - 7*n + 6. Calculate u(-9).
-12
Let h(r) = -r**2 - 9*r + 3. Calculate h(-8).
11
Let c(o) = o**3 + 9*o**2 - 13*o + 10. Determine c(-10).
40
Let n(h) = h**3 + 5*h**2 - 5*h - 2. Calculate n(-3).
31
Let d(u) = -8*u - 10. Determine d(-8).
54
Let m(f) = f**2 - 6*f - 12. Give m(-2).
4
Let j(t) = -4*t + 1. Calculate j(-1).
5
Let h(v) = -v + 9. Give h(8).
1
Let z(h) = h**3 + 5*h**2 + 3*h - 2. Determine z(-5).
-17
Let o(l) = -14*l. Give o(-1).
14
Let n(b) = -2*b - 22. Calculate n(-7).
-8
Let a(h) = -49*h + 2. Give a(-1).
51
Let c(y) = y**3 + 23*y**2 - 21*y + 44. Calculate c(-24).
-28
Let v(w) = 2*w**2 + 27*w - 11. What is v(-14)?
3
Let v(q) = q**3 - 13*q**2 - 14*q + 5. What is v(14)?
5
Let h(b) = b**3 - 9*b**2 + 9*b + 9. Determine h(7).
-26
Let m(c) = -11*c**3 + 2*c + 1. Calculate m(-1).
10
Let h(m) = -m**3 - 4*m**2 - 11. Determine h(-5).
14
Let z(t) = -t. Give z(-9).
9
Let x(d) = d**2 + 9*d + 30. Calculate x(-3).
12
Let v(z) = z**2 - 3*z. Calculate v(-6).
54
Let f(w) = w**2 - 5*w - 12. Give f(7).
2
Let y(v) = -v**3 - 19*v**2 + 19*v - 15. Calculate y(-20).
5
Let k(d) = -d**2 - 14*d - 15. Give k(-13).
-2
Let w(d) = 16*d**3. Determine w(-1).
-16
Let s(k) = k**3 + 14*k**2 + 49*k - 3. What is s(-7)?
-3
Let p(s) = -2*s + 2. Calculate p(-4).
10
Let u(f) = -f**2 + 3*f - 13. Give u(7).
-41
Let k(u) = 2*u**2 - 11. Give k(-3).
7
Let s(u) = -u**3 - 15*u**2 - 11*u + 18. What is s(-14)?
-24
Let m(i) = -i**3 + 8*i**2 - 11*i + 4. What is m(6)?
10
Let i(q) = -q**2 + 10*q + 12. What is i(10)?
12
Let r(w) = w**3 + 6*w**2 - 16*w + 4. Give r(-8).
4
Let c(n) = -n**3 + 18*n**2 - 37*n + 20. Give c(16).
-60
Let w(p) = 5*p**2 - 16*p - 17. Give w(3).
-20
Let b(w) = -w**2 + 21*w - 24. Determine b(20).
-4
Let h(a) = a**2 - 14*a - 20. Give h(15).
-5
Let f(v) = v**3 - 12*v**2 + 23*v + 34. Calculate f(9).
-2
Let j(p) = -2*p - 19. Calculate j(-13).
7
Let w(u) = u**3 - 15*u**2 + 26*u - 13. Give w(13).
-13
Let m(a) = -12*a + 43. Calculate m(-9).
151
Let v(b) = b**3 - 4*b**2 + 4*b - 5. Calculate v(4).
11
Let s(b) = 28*b. Give s(1).
28
Let x(j) = j**3 + 16*j**2 + 37*j - 29. What is x(-13)?
-3
Let j(u) = 24*u**2 - 3*u + 2. Give j(1).
23
Let z(h) = -42*h - 286. Calculate z(-7).
8
Let f(a) = -a**2 + 21*a - 1. Calculate f(21).
-1
Let i(q) = -q**3 + 7*q**2 - 2*q + 9. Calculate i(7).
-5
Let o(m) = -m - 17. Determine o(19).
-36
Let o(v) = -v**3 + 13*v**2 - 3*v + 27. Calculate o(13).
-12
Let o(x) = x + 1. Determine o(-7).
-6
Let k(j) = -j**2 + 10*j + 8. What is k(10)?
8
Let l(x) = 4*x**2 + 55*x + 8. Determine l(-14).
22
Let u(p) = 16*p + 6. What is u(3)?
54
Let u(p) = -7*p**3 + p**2 + p + 1. Give u(-1).
8
Let f(w) = -6*w - 17. What is f(-3)?
1
Let a(t) = 16*t**3 - t**2 + 7*t - 6. Determine a(1).
16
Let g(k) = 2*k**3 - 8*k**2 + k - 8. Give g(4).
-4
Let i(j) = -2*j**3 - j + 1. What is i(2)?
-17
Let n(a) = a**2 + 3*a - 3. What is n(-6)?
15
Let v(s) = -s**2 + 12*s - 37. Determine v(9).
-10
Let p(a) = a**2 + 11*a + 20. Calculate p(-7).
-8
Let c(v) = -v**3 - 10*v**2 + 9*v - 15. What is c(-11)?
7
Let b(x) = -x**3 - 15*x**2 - x - 28. Determine b(-15).
-13
Let p(a) = a**2 + 4*a - 6. Calculate p(-5).
-1
Let x(p) = p**3 + 11*p**2 + 8*p + 9. Calculate x(-10).
29
Let p(a) = -a**2 + 5*a - 3. Determine p(4).
1
Let s(b) = b + 4. What is s(-1)?
3
Let r(m) = -2*m + 24. What is r(4)?
16
Let f(n) = -n**3 - 2*n**2 - 9. Give f(0).
-9
Let l(n) = 6*n**3 + 2*n**2 + 18*n + 16. Calculate l(-1).
-6
Let w(c) = -c**3 + 23*c**2 + 28*c - 57. Calculate w(24).
39
Let f(y) = y**3 - 44*y**2 + 158*y + 4. Give f(4).
-4
Let u(z) = 2*z**3 - 7*z**2 - 9. Give u(4).
7
Let a(d) = -d**3 - 11*d**2 - 29*d + 3. Determine a(-6).
-3
Let j(m) = 2*m - 12. Calculate j(7).
2
Let k(y) = -y**3 - 5*y**2 + y + 1. Determine k(-4).
-19
Let j(t) = -3*t**3 + 2*t**2 + 2*t - 1. Determine j(2).
-13
Let c(y) = 16*y - 43. Give c(8).
85
Let b(o) = 13*o. What is b(-1)?
-13
Let l(v) = 2*v**3 - 26*v**2 - 28*v + 13. Determine l(14).
13
Let p(x) = -x**2 + 35*x + 111. Determine p(38).
-3
Let h(n) = 2*n**2 + 16*n - 9. What is h(-4)?
-41
Let n(d) = 2*d**3 + d**2 - d - 1. Determine n(-1).
-1
Let p(f) = -4*f + 70. Give p(20).
-10
Let i(u) = u**3 - 5*u**2 - 16*u + 9. Give i(7).
-5
Let a(s) = s**2 - 11*s + 10. Calculate a(7).
-18
Let i(f) = f**3 - 4*f**2 + 5*f - 1. What is i(3)?
5
Let m(o) = o**3 - 6*o**2 + 3*o + 5. Calculate m(5).
-5
Let c(h) = -h**3 - 13*h**2 + 30*h + 9. Determine c(-15).
9
Let y(t) = -6*t + 90. What is y(31)?
-96
Let n(u) = 8*u + 3. Give n(8).
67
Let x(f) = 9*f + 20. Determine x(0).
20
Let y(v) = v**2 - 13*v - 12. What is y(12)?
-24
Let h(c) = 2*c**3 + 18*c**2 + 6*c + 15. Determine h(-8).
95
Let j(f) = -2*f**2 - 9*f - 10. Determine j(-9).
-91
Let g(m) = -35*m - 332. What is g(-10)?
18
Let y(r) = r**3 - 14*r**2 - 6*r - 161. Give y(15).
-26
Let s(y) = y + 5. What is s(9)?
14
Let d(c) = -c**2 - 6*c + 13. Determine d(-6).
13
Let s(g) = -g**3 - 4*g**2 + 23*g + 10. Determine s(-7).
-4
Let i(w) = -w**3 + 14*w**2 + 16*w - 8. Calculate i(15).
7
Let w(d) = 3*d**2 - 53*d - 25. Determine w(18).
-7
Let t(r) = r**2 - 6*r - 1. Calculate t(7).
6
Let r(s) = s**3 + 4*s**2 - 9*s - 8. Calculate r(-6).
-26
Let c(p) = p**3 - 8*p**2 - p - 10. What is c(8)?
-18
Let a(p) = p**3 + 5*p**2 - 7*p - 9. Calculate a(-6).
-3
Let a(t) = -t**3 + t**2 - t + 10. What is a(0)?
10
Let f(g) = -g**3 - 2*g**2 + 70. Calculate f(0).
70
Let q(v) = -v**2 + 4*v - 5. Give q(8).
-37
Let i(r) = -r**2 - 31*r - 86. Calculate i(-28).
-2
Let j(q) = -q**3 - 3*q**2 - 3*q - 6. Calculate j(-4).
22
Let c(k) = -k**3 + 2*k**2 + 3*k + 1. Determine c(4).
-19
Let v(x) = -x**3 - 8*x**2 - 3*x - 1. What is v(-8)?
23
Let b(l) = -l**2 + 9*l - 3. Calculate b(6).
15
Let r(k) = k**3 - 20*k**2 + 19*k - 7. Determine r(19).
-7
Let z(p) = -p**3 - 16*p**2 - 29*p - 16. Determine z(-14).
-2
Let t(w) = -w**3 + 6*w**2 + 4*w + 9. Give t(7).
-12
Let u(y) = -4*y + 69. Give u(10).
29
Let a(s) = s**3 + 11*s**2 + 24*s + 21. Give a(-9).
-33
Let z(y) = -y**2 + 26*y - 39. Give z(24).
9
Let u(l) = -4*l + 7. Determine u(8).
-25
Let u(m) = m**2 + 16*m - 134. Calculate u(-22).
-2
Let r(x) = -3*x + 13. What is r(8)?
-11
Let m(n) = -2*n**2 - 73*n - 15. Give m(-36).
21
Let x(f) = -f + 4. Determine x(6).
-2
Let u(t) = -5*t**2 - 269*t - 216. What is u(-53)?
-4
Let j(z) = -z**3 - 27*z**2 - 81*z - 779. Calculate j(-25).
-4
Let d(w) = 6*w**2 - 31*w + 2. Determine d(5).
-3
Let o(k) = k**3 + 11*k**2 + 15*k - 7. Give o(-9).
20
Let q(a) = a**3 - 12*a**2 + 30*a + 12. Calculate q(8).
-4
Let n(v) = v**3 + 2*v**2 - v + 4. Calculate n(-4).
-24
Let l(w) = w**3 - 5*w**2 - 9*w - 8. What is l(6)?
-26
Let t(s) = s + 9. Calculate t(-7).
2
Let c(z) = -4*z**2 - z. Calculate c(-2).
-14
Let l(u) = -u**3 - 12*u**2 + 5. What is l(-12)